9
What is the thousands digit of 48746?
8
What is the thousands digit of 5957?
5
What is the hundreds digit of 2344?
3
What is the hundreds digit of 7808?
8
What is the hundreds digit of 3905?
9
What is the units digit of 69559?
9
What is the tens digit of 4869?
6
What is the tens digit of 1319?
1
What is the tens digit of 919?
1
What is the units digit of 579?
9
What is the tens digit of 977?
7
What is the hundreds digit of 80115?
1
What is the units digit of 18643?
3
What is the hundreds digit of 942?
9
What is the hundreds digit of 108480?
4
What is the hundreds digit of 4186?
1
What is the hundreds digit of 7233?
2
What is the tens digit of 1046?
4
What is the tens digit of 104231?
3
What is the tens digit of 96?
9
What is the hundreds digit of 14452?
4
What is the units digit of 7320?
0
What is the units digit of 32643?
3
What is the ten thousands digit of 26253?
2
What is the units digit of 195?
5
What is the units digit of 1321?
1
What is the hundreds digit of 6777?
7
What is the units digit of 4026?
6
What is the ten thousands digit of 35597?
3
What is the thousands digit of 15895?
5
What is the units digit of 126636?
6
What is the units digit of 8387?
7
What is the units digit of 51730?
0
What is the thousands digit of 5193?
5
What is the units digit of 122?
2
What is the units digit of 1397?
7
What is the tens digit of 100741?
4
What is the units digit of 143089?
9
What is the ten thousands digit of 13924?
1
What is the hundreds digit of 161237?
2
What is the thousands digit of 3577?
3
What is the ten thousands digit of 20057?
2
What is the hundreds digit of 40483?
4
What is the hundreds digit of 11100?
1
What is the units digit of 3213?
3
What is the thousands digit of 74868?
4
What is the tens digit of 1136?
3
What is the ten thousands digit of 62654?
6
What is the thousands digit of 4282?
4
What is the units digit of 3511?
1
What is the thousands digit of 54065?
4
What is the units digit of 63526?
6
What is the ten thousands digit of 11765?
1
What is the ten thousands digit of 46951?
4
What is the thousands digit of 22333?
2
What is the tens digit of 2461?
6
What is the units digit of 6850?
0
What is the hundreds digit of 715?
7
What is the thousands digit of 9456?
9
What is the tens digit of 473?
7
What is the thousands digit of 12222?
2
What is the units digit of 32835?
5
What is the tens digit of 6716?
1
What is the units digit of 24721?
1
What is the units digit of 3662?
2
What is the units digit of 1171?
1
What is the units digit of 1138?
8
What is the hundreds digit of 222?
2
What is the units digit of 1297?
7
What is the ten thousands digit of 64106?
6
What is the units digit of 1975?
5
What is the units digit of 26370?
0
What is the hundreds digit of 7837?
8
What is the units digit of 366?
6
What is the hundreds digit of 13304?
3
What is the units digit of 7993?
3
What is the hundreds digit of 322?
3
What is the hundreds digit of 160?
1
What is the tens digit of 16521?
2
What is the hundreds digit of 956?
9
What is the units digit of 13605?
5
What is the hundreds digit of 3780?
7
What is the units digit of 1073?
3
What is the hundreds digit of 1748?
7
What is the hundreds digit of 14666?
6
What is the tens digit of 1368?
6
What is the units digit of 52748?
8
What is the units digit of 2000?
0
What is the hundreds digit of 566?
5
What is the hundreds digit of 3296?
2
What is the units digit of 135?
5
What is the thousands digit of 4507?
4
What is the units digit of 7165?
5
What is the hundreds digit of 2048?
0
What is the thousands digit of 3970?
3
What is the units digit of 2267?
7
What is the tens digit of 5825?
2
What is the hundreds digit of 21569?
5
What is the thousands digit of 60726?
0
What is the ten thousands digit of 26147?
2
What is the tens digit of 6477?
7
What is the units digit of 549?
9
What is the hundreds digit of 1571?
5
What is the units digit of 1321?
1
What is the hundreds digit of 48066?
0
What is the thousands digit of 42024?
2
What is the thousands digit of 6659?
6
What is the tens digit of 1196?
9
What is the tens digit of 6033?
3
What is the units digit of 1584?
4
What is the hundreds digit of 7210?
2
What is the tens digit of 942?
4
What is the ten thousands digit of 13283?
1
What is the hundreds digit of 59648?
6
What is the tens digit of 16732?
3
What is the ten thousands digit of 37081?
3
What is the hundreds digit of 1583?
5
What is the units digit of 2582?
2
What is the hundreds digit of 8676?
6
What is the units digit of 31889?
9
What is the units digit of 9435?
5
What is the thousands digit of 2620?
2
What is the thousands digit of 4649?
4
What is the hundreds digit of 27828?
8
What is the hundred thousands digit of 156226?
1
What is the units digit of 2059?
9
What is the ten thousands digit of 15338?
1
What is the hundreds digit of 956?
9
What is the hundreds digit of 3032?
0
What is the tens digit of 22297?
9
What is the thousands digit of 27784?
7
What is the units digit of 1007?
7
What is the tens digit of 1447?
4
What is the ten thousands digit of 31275?
3
What is the ten thousands digit of 73881?
7
What is the units digit of 2437?
7
What is the hundred thousands digit of 144292?
1
What is the tens digit of 767?
6
What is the units digit of 14725?
5
What is the thousands digit of 40227?
0
What is the tens digit of 883?
8
What is the hundreds digit of 16618?
6
What is the units digit of 1023?
3
What is the tens digit of 34076?
7
What is the hundreds digit of 1583?
5
What is the tens digit of 3702?
0
What is the ten thousands digit of 49223?
4
What is the tens digit of 2319?
1
What is the units digit of 310?
0
What is the hundreds digit of 12716?
7
What is the units digit of 20227?
7
What is the hundreds digit of 53521?
5
What is the thousands digit of 20813?
0
What is the hundreds digit of 910?
9
What is the thousands digit of 60445?
0
What is the units digit of 46?
6
What is the units digit of 31349?
9
What is the units digit of 494?
4
What is the units digit of 3211?
1
What is the tens digit of 3130?
3
What is the units digit of 3315?
5
What is the units digit of 48?
8
What is the units digit of 1479?
9
What is the tens digit of 4007?
0
What is the hundreds digit of 1350?
3
What is the tens digit of 768?
6
What is the units digit of 2023?
3
What is the tens digit of 26277?
7
What is the thousands digit of 19442?
9
What is the hundreds digit of 980?
9
What is the tens digit of 20528?
2
What is the thousands digit of 26340?
6
What is the ten thousands digit of 11007?
1
What is the hundreds digit of 980?
9
What is the hundreds digit of 2594?
5
What is the units digit of 70513?
3
What is the units digit of 60?
0
What is the thousands digit of 24726?
4
What is the tens digit of 4131?
3
What is the tens digit of 15754?
5
What is the hundreds digit of 17139?
1
What is the thousands digit of 2999?
2
What is the tens digit of 7311?
1
What is the hundreds digit of 400?
4
What is the units digit of 7851?
1
What is the units digit of 29821?
1
What is the units digit of 25880?
0
What is the units digit of 6237?
7
What is the hundreds digit of 1212?
2
What is the thousands digit of 2533?
2
What is the units digit of 29070?
0
What is the ten thousands digit of 43501?
4
What is the units digit of 653?
3
What is the thousands digit of 4284?
4
What is the thousands digit of 84455?
4
What is the units digit of 3715?
5
What is the tens digit of 4428?
2
What is the units digit of 255?
5
What is the units digit of 2944?
4
What is the tens digit of 714?
1
What is the tens digit of 11439?
3
What is the tens digit of 3906?
0
What is the units digit of 4233?
3
What is the tens digit of 39588?
8
What is the units digit of 2114?
4
What is the thousands digit of 18829?
8
What is the hundreds digit of 4804?
8
What is the tens digit of 6863?
6
What is the units digit of 4134?
4
What is the thousands digit of 6631?
6
What is the ten thousands digit of 61171?
6
What is the hundreds digit of 12733?
7
What is the thousands digit of 72140?
2
What is the units digit of 9412?
2
What is the units digit of 2101?
1
What is the thousands digit of 1204?
1
What is the thousands digit of 4225?
4
What is the tens digit of 63701?
0
What is the thousands digit of 1542?
1
What is the thousands digit of 29389?
9
What is the th